
{"id":2027,"date":"2022-05-02T22:43:46","date_gmt":"2022-05-02T20:43:46","guid":{"rendered":"https:\/\/marianvarga.sk\/shop\/?post_type=product&#038;p=2027"},"modified":"2026-05-02T09:53:08","modified_gmt":"2026-05-02T07:53:08","slug":"marian-varga-70-3-cd","status":"publish","type":"product","link":"https:\/\/marianvarga.sk\/shop\/product\/marian-varga-70-3-cd\/","title":{"rendered":"Mari\u00e1n Varga 70 + 3 \u2022 CD"},"content":{"rendered":"<p><span style=\"font-weight: 400;\">Z\u00e1znam zo spomienkov\u00e9ho koncertu pri pr\u00edle\u017eitosti nedo\u017eit\u00fdch 73. naroden\u00edn Mari\u00e1na Vargu, ktor\u00fd sa konal 25.9.2019 v Jezuitskom kostole Sv. Franti\u0161ka Xaversk\u00e9ho v jeho rodnej Skalici.\u00a0<\/span><\/p>\n<p><span style=\"font-weight: 400;\">Rok vydania: 2020<\/span><\/p>\n<p><span style=\"font-weight: 400;\">Tret\u00ed spomienkov\u00fd koncert na Mari\u00e1na Vargu 70+3 v jezuitskom kostole sv. Franti\u0161ka Xaversk\u00e9ho v Skalici patril v roku 2020 skupine Longital s hos\u0165uj\u00facim klaviristom Danom \u0160pinerom a tie\u017e nezvy\u010dajn\u00e9mu hudobn\u00e9mu zoskupeniu, ktor\u00e9mu dominuje jeden z na\u0161ich najv\u00e4\u010d\u0161\u00edch spev\u00e1ckych talentov s\u00fa\u010dasnosti Sisa Feh\u00e9r. Jej inklin\u00e1cia k d\u017eezu a minimalizmu in\u0161pirovala aran\u017e\u00e9ra a vlastne u\u017e Mari\u00e1novo alter ego Vladislava Slnka \u0160ari\u0161sk\u00e9ho k netradi\u010dn\u00e9mu uchopeniu jeho hudby. Prizvan\u00edm fenomen\u00e1lneho trubk\u00e1ra Oskara T\u00f6r\u00f6ka do zostavy aj s violon\u010delistom Jozefom Lupt\u00e1kom obna\u017eili v netu\u0161en\u00fdch s\u00favislostiach esenci\u00e1lnu kr\u00e1su Mari\u00e1novej hudby.<\/span><\/p>\n<p><b>Smutn\u00e1 rann\u00e1 elektri\u010dka z koncertu Piesne na festivale Konvergencie 2020<\/b><\/p>\n<p><a href=\"https:\/\/www.youtube.com\/watch?v=Oew4_Wav43o\"><span style=\"font-weight: 400;\">https:\/\/www.youtube.com\/watch?v=Oew4_Wav43o<\/span><\/a><\/p>\n","protected":false},"excerpt":{"rendered":"<p>Z\u00e1znam zo spomienkov\u00e9ho koncertu pri pr\u00edle\u017eitosti nedo\u017eit\u00fdch 73. naroden\u00edn Mari\u00e1na Vargu, ktor\u00fd sa konal 25.9.2019 v Jezuitskom kostole Sv. Franti\u0161ka Xaversk\u00e9ho v jeho rodnej Skalici.\u00a0 Rok vydania: 2020 Tret\u00ed spomienkov\u00fd koncert na Mari\u00e1na Vargu 70+3 v jezuitskom kostole sv. Franti\u0161ka Xaversk\u00e9ho v Skalici patril v roku 2020 skupine Longital s hos\u0165uj\u00facim klaviristom Danom \u0160pinerom a &hellip; <\/p>\n<p class=\"link-more\"><a href=\"https:\/\/marianvarga.sk\/shop\/product\/marian-varga-70-3-cd\/\" class=\"more-link\">Pokra\u010dova\u0165 v \u010d\u00edtan\u00ed<span class=\"screen-reader-text\"> &#8222;Mari\u00e1n Varga 70 + 3 \u2022 CD&#8220;<\/span><\/a><\/p>\n","protected":false},"featured_media":2111,"template":"","meta":[],"product_brand":[],"product_cat":[30],"product_tag":[],"class_list":{"0":"post-2027","1":"product","2":"type-product","3":"status-publish","4":"has-post-thumbnail","6":"product_cat-cd","7":"product_shipping_class-male","9":"first","10":"instock","11":"shipping-taxable","12":"purchasable","13":"product-type-simple"},"supplier_id":null,"supplier_sku":"","barcode":null,"atum_controlled":true,"out_stock_date":null,"out_stock_threshold":0,"inheritable":false,"inbound_stock":0,"stock_on_hold":0,"sold_today":0,"sales_last_days":0,"reserved_stock":0,"customer_returns":0,"warehouse_damage":0,"lost_in_post":0,"other_logs":0,"out_stock_days":0,"lost_sales":0,"has_location":false,"update_date":"2026-05-02T07:53:08","atum_locations":[],"atum_stock_status":"instock","restock_status":false,"low_stock_amount":0,"sales_update_date":"2026-05-02T07:53:08","calc_backorders":null,"_links":{"self":[{"href":"https:\/\/marianvarga.sk\/shop\/wp-json\/wp\/v2\/product\/2027","targetHints":{"allow":["GET"]}}],"collection":[{"href":"https:\/\/marianvarga.sk\/shop\/wp-json\/wp\/v2\/product"}],"about":[{"href":"https:\/\/marianvarga.sk\/shop\/wp-json\/wp\/v2\/types\/product"}],"wp:featuredmedia":[{"embeddable":true,"href":"https:\/\/marianvarga.sk\/shop\/wp-json\/wp\/v2\/media\/2111"}],"wp:attachment":[{"href":"https:\/\/marianvarga.sk\/shop\/wp-json\/wp\/v2\/media?parent=2027"}],"wp:term":[{"taxonomy":"product_brand","embeddable":true,"href":"https:\/\/marianvarga.sk\/shop\/wp-json\/wp\/v2\/product_brand?post=2027"},{"taxonomy":"product_cat","embeddable":true,"href":"https:\/\/marianvarga.sk\/shop\/wp-json\/wp\/v2\/product_cat?post=2027"},{"taxonomy":"product_tag","embeddable":true,"href":"https:\/\/marianvarga.sk\/shop\/wp-json\/wp\/v2\/product_tag?post=2027"}],"curies":[{"name":"wp","href":"https:\/\/api.w.org\/{rel}","templated":true}]}}

Marián Varga 70 + 3 • CD

<p><span style="font-weight: 400;">Záznam zo spomienkového koncertu pri príležitosti nedožitých 73. narodenín Mariána Vargu, ktorý sa konal 25.9.2019 v Jezuitskom kostole Sv. Františka Xaverského v jeho rodnej Skalici. </span></p>
<p><span style="font-weight: 400;">Rok vydania: 2020</span></p>
<p><span style="font-weight: 400;">Tretí spomienkový koncert na Mariána Vargu 70+3 v jezuitskom kostole sv. Františka Xaverského v Skalici patril v roku 2020 skupine Longital s hosťujúcim klaviristom Danom Špinerom a tiež nezvyčajnému hudobnému zoskupeniu, ktorému dominuje jeden z našich najväčších speváckych talentov súčasnosti Sisa Fehér. Jej inklinácia k džezu a minimalizmu inšpirovala aranžéra a vlastne už Mariánovo alter ego Vladislava Slnka Šarišského k netradičnému uchopeniu jeho hudby. Prizvaním fenomenálneho trubkára Oskara Töröka do zostavy aj s violončelistom Jozefom Luptákom obnažili v netušených súvislostiach esenciálnu krásu Mariánovej hudby.</span></p>
<p><b>Smutná ranná električka z koncertu Piesne na festivale Konvergencie 2020</b></p>
<p><a href="https://www.youtube.com/watch?v=Oew4_Wav43o"><span style="font-weight: 400;">https://www.youtube.com/watch?v=Oew4_Wav43o</span></a></p>

<p>Záznam zo spomienkového koncertu pri príležitosti nedožitých 73. narodenín Mariána Vargu, ktorý sa konal 25.9.2019 v Jezuitskom kostole Sv. Františka Xaverského v jeho rodnej Skalici.  Rok vydania: 2020 Tretí spomienkový koncert na Mariána Vargu 70+3 v jezuitskom kostole sv. Františka Xaverského v Skalici patril v roku 2020 skupine Longital s hosťujúcim klaviristom Danom Špinerom a &hellip; </p>
<p class="link-more"><a href="https://marianvarga.sk/shop/product/marian-varga-70-3-cd/" class="more-link">Pokračovať v čítaní<span class="screen-reader-text"> &#8222;Marián Varga 70 + 3 • CD&#8220;</span></a></p>
